vided by 142?
0
What is the remainder when 8157 is divided by 1001?
149
Calculate the remainder when 40776 is divided by 10150.
176
Calculate the remainder when 93137 is divided by 1035.
1022
What is the remainder when 1748820 is divided by 238?
234
What is the remainder when 259288 is divided by 383?
380
What is the remainder when 25084 is divided by 25074?
10
What is the remainder when 2738 is divided by 43?
29
Calculate the remainder when 26481 is divided by 401.
15
What is the remainder when 908148 is divided by 41?
39
What is the remainder when 1283 is divided by 1275?
8
What is the remainder when 1582043 is divided by 1?
0
Calculate the remainder when 1850 is divided by 1669.
181
What is the remainder when 773 is divided by 190?
13
Calculate the remainder when 1662 is divided by 32.
30
What is the remainder when 921983 is divided by 686?
685
What is the remainder when 3537 is divided by 2?
1
What is the remainder when 7267 is divided by 19?
9
Calculate the remainder when 522446 is divided by 145.
11
What is the remainder when 2431 is divided by 215?
66
What is the remainder when 16480 is divided by 347?
171
What is the remainder when 460230 is divided by 32872?
22
Calculate the remainder when 207045 is divided by 3.
0
Calculate the remainder when 8480 is divided by 1691.
25
Calculate the remainder when 687 is divided by 581.
106
What is the remainder when 3337 is divided by 119?
5
Calculate the remainder when 16951 is divided by 287.
18
Calculate the remainder when 29182 is divided by 701.
441
Calculate the remainder when 917598 is divided by 56.
38
What is the remainder when 70143 is divided by 162?
159
Calculate the remainder when 18215 is divided by 88.
87
What is the remainder when 365316 is divided by 551?
3
What is the remainder when 15977 is divided by 15544?
433
What is the remainder when 308 is divided by 12?
8
Calculate the remainder when 200218 is divided by 2002.
18
What is the remainder when 3523 is divided by 521?
397
What is the remainder when 16015 is divided by 484?
43
What is the remainder when 821345 is divided by 45?
5
Calculate the remainder when 89485 is divided by 163.
161
What is the remainder when 11744 is divided by 1320?
1184
What is the remainder when 3560 is divided by 414?
248
What is the remainder when 71805 is divided by 446?
445
Calculate the remainder when 3836 is divided by 1895.
46
Calculate the remainder when 48328 is divided by 31.
30
What is the remainder when 3176 is divided by 55?
41
Calculate the remainder when 379804 is divided by 379785.
19
Calculate the remainder when 2238 is divided by 141.
123
Calculate the remainder when 249455 is divided by 22.
19
Calculate the remainder when 34076 is divided by 1418.
44
Calculate the remainder when 9602 is divided by 49.
47
What is the remainder when 8373 is divided by 32?
21
Calculate the remainder when 18381 is divided by 9153.
75
Calculate the remainder when 191508 is divided by 160.
148
Calculate the remainder when 5441 is divided by 1360.
1
Calculate the remainder when 7369 is divided by 3682.
5
Calculate the remainder when 5801 is divided by 298.
139
Calculate the remainder when 155 is divided by 47.
14
What is the remainder when 60651 is divided by 90?
81
What is the remainder when 88112 is divided by 11003?
88
What is the remainder when 14993 is divided by 134?
119
What is the remainder when 1456 is divided by 59?
40
Calculate the remainder when 705513 is divided by 222.
219
Calculate the remainder when 2891 is divided by 2730.
161
Calculate the remainder when 36282 is divided by 96.
90
Calculate the remainder when 18756 is divided by 2677.
17
What is the remainder when 1560 is divided by 428?
276
What is the remainder when 160081 is divided by 667?
1
Calculate the remainder when 1965 is divided by 95.
65
Calculate the remainder when 248062 is divided by 76.
74
Calculate the remainder when 82600 is divided by 653.
322
Calculate the remainder when 391941 is divided by 78.
69
Calculate the remainder when 1374884 is divided by 27.
17
What is the remainder when 26729 is divided by 702?
53
Calculate the remainder when 7877 is divided by 732.
557
What is the remainder when 112712 is divided by 7?
5
Calculate the remainder when 357412 is divided by 178697.
18
What is the remainder when 308698 is divided by 30?
28
What is the remainder when 2514 is divided by 169?
148
What is the remainder when 4038 is divided by 288?
6
Calculate the remainder when 145514 is divided by 5.
4
Calculate the remainder when 385 is divided by 57.
43
What is the remainder when 38855 is divided by 87?
53
Calculate the remainder when 1729 is divided by 300.
229
What is the remainder when 21372 is divided by 15?
12
Calculate the remainder when 5977 is divided by 351.
10
Calculate the remainder when 47718 is divided by 482.
0
Calculate the remainder when 1419203 is divided by 908.
907
What is the remainder when 140475 is divided by 20?
15
Calculate the remainder when 16978 is divided by 8487.
4
What is the remainder when 60279 is divided by 52?
11
Calculate the remainder when 741 is divided by 222.
75
What is the remainder when 110108 is divided by 148?
144
Calculate the remainder when 6682697 is divided by 66.
65
What is the remainder when 70287 is divided by 213?
210
Calculate the remainder when 906 is divided by 772.
134
Calculate the remainder when 148636 is divided by 28.
12
Calculate the remainder when 8128 is divided by 351.
55
Calculate the remainder when 1074 is divided by 531.
12
Calculate the remainder when 647 is divided by 116.
67
What is the remainder when 77456 is divided by 25816?
8
Calculate the remainder when 81157 is divided by 167.
162
Calculate the remainder when 26261 is divided by 70.
11
What is the remainder when 964777 is divided by 321591?
4
Calculate the remainder when 2093561 is divided by 27.
8
Calculate the remainder when 1246 is divided by 31.
6
What is the remainder when 235939 is divided by 20?
19
Calculate the remainder when 28361 is divided by 14172.
17
What is the remainder when 16911 is divided by 8420?
71
Calculate the remainder when 1621 is divided by 782.
57
Calculate the remainder when 764154 is divided by 58.
4
What is the remainder when 2583 is divided by 32?
23
What is the remainder when 1966 is divided by 6?
4
What is the remainder when 2477 is divided by 1203?
71
What is the remainder when 4519 is divided by 284?
259
What is the remainder when 14743 is divided by 7300?
143
Calculate the remainder when 1466 is divided by 175.
66
Calculate the remainder when 779716 is divided by 667.
660
Calculate the remainder when 12192 is divided by 12172.
20
Calculate the remainder when 89338 is divided by 6871.
15
What is the remainder when 83530 is divided by 642?
70
Calculate the remainder when 722636 is divided by 4153.
14
Calculate the remainder when 19546 is divided by 477.
466
Calculate the remainder when 42908 is divided by 36.
32
What is the remainder when 14627 is divided by 23?
22
Calculate the remainder when 34300 is divided by 268.
264
What is the remainder when 1839 is divided by 381?
315
What is the remainder when 36098 is divided by 435?
428
Calculate the remainder when 118888 is divided by 74.
44
What is the remainder when 577163 is divided by 1749?
1742
Calculate the remainder when 20734 is divided by 20347.
387
What is the remainder when 14017 is divided by 81?
4
What is the remainder when 13813 is divided by 510?
43
Calculate the remainder when 14341 is divided by 252.
229
Calculate the remainder when 9503 is divided by 1296.
431
Calculate the remainder when 5776 is divided by 423.
277
What is the remainder when 120278 is divided by 40?
38
What is the remainder when 4039 is divided by 134?
19
What is the remainder when 3254 is divided by 1593?
68
Calculate the remainder when 4444 is divided by 25.
19
Calculate the remainder when 145 is divided by 13.
2
What is the remainder when 115357 is divided by 38432?
61
Calculate the remainder when 7309 is divided by 80.
29
What is the remainder when 3796 is divided by 32?
20
Calculate the remainder when 26118 is divided by 6.
0
What is the remainder when 33306 is divided by 10951?
453
Calculate the remainder when 421272 is divided by 140420.
12
Calculate the remainder when 4789 is divide